*m + 35, 5*m + 22 = 2*c - 5. Let b = 2180 + -2176. What is the highest common factor of b and c?
4
Let d be -9*18/27*1/(-2). Suppose 4*v + 5*b + 19 = d*v, 49 = 4*v - 5*b. Calculate the highest common factor of 21 and v.
3
Let r be 43/(-2 + -3 + 6). Suppose 3*j = -46*s + r*s + 1146, 4*j + 2*s - 1518 = 0. Calculate the greatest common factor of 52 and j.
13
Let q(i) = -2*i**3 + 2*i**2 + 4*i + 2. Let h be q(-2). Suppose -37*v + 590 + 406 = 129*v. Calculate the greatest common divisor of h and v.
6
Suppose 228 = 5*y + 3*s, 0*y + 2*s = -5*y + 232. Let q = 88 - y. Calculate the greatest common divisor of 20 and q.
20
Let u be (-1464716)/(-196) - 130/3185. What is the highest common divisor of 141 and u?
141
Let n(q) = -q**2 + 19*q - 15. Let r be n(18). Let z(h) = 38*h**3 - 39*h**r - h**2 + 7*h + 6*h**2. Let b be z(6). What is the highest common factor of b and 66?
6
Let h be (-1 - (-9)/5)/(70/(-875)). Let c be 56/h*(-205)/82. Suppose i - 29 - 13 = 0. What is the highest common divisor of c and i?
14
Suppose 5*w - 400 = -6*t + 977, 2*t = -3*w + 823. Calculate the highest common factor of 1053 and w.
39
Suppose -1509 = -4*j + 5*v, 2*j - 11*v + 16*v = 747. What is the highest common factor of j and 16?
8
Let t be 10 + -14 - (-36)/1. Let w = 169 + 119. Calculate the highest common factor of w and t.
32
Let r(h) = -h**2 + 202*h + 70. Let v be r(48). Calculate the greatest common factor of 91 and v.
91
Let c be -10442*((-4)/6 + (-5)/90*6). What is the highest common divisor of c and 46?
46
Let a be -30*306/(-108) - 17. Calculate the highest common factor of 11458 and a.
34
Suppose -20 = 5*v, 5*z - v = 3*z + 100. Let a be 1/(3/z) - 3. Suppose 41 = 2*f + a. Calculate the highest common divisor of 2 and f.
2
Let g(b) = 9*b + 1693. Let z be g(-47). What is the highest common factor of 10 and z?
10
Let q(v) = 22*v**2. Let z be q(-2). Let n be 7 + (2 - (-10)/(-4))*4. Suppose -n*w = -0*w - 80. What is the highest common divisor of w and z?
8
Suppose 7*x - 597 + 100 = 0. Let p = x + 10. Calculate the greatest common divisor of p and 135.
27
Let s be (-1)/2 + 4781/14. Let c(y) = -10*y - 7. Let j be c(-1). Let d be 1/j - s/(-93). What is the highest common divisor of 24 and d?
4
Suppose -4*c = a - 29, -4*c + 101 = 3*a + c. Let f = 57 + a. Suppose -49 = 5*t - f. What is the greatest common factor of t and 45?
9
Suppose -9742*l = -9756*l + 140. Suppose -2*u = 5*i - 0*i, -u = -5*i + 15. Let m = u + 10. Calculate the highest common divisor of l and m.
5
Suppose 230*v + 31*v + 86*v = 137412. What is the greatest common divisor of v and 4851?
99
Let o(s) = -46*s + 112. Let f be o(-23). Calculate the greatest common divisor of f and 630.
90
Let w = -5449 + 5586. Calculate the greatest common factor of w and 411.
137
Suppose 23 + 7 = 3*c. Let f = -287620 - -287700. Calculate the greatest common divisor of c and f.
10
Suppose -o - 44*r + 47*r + 7497 = 0, 0 = 5*o - 5*r - 37455. Calculate the greatest common factor of 12 and o.
12
Let q be (-336)/7*(-6)/8. What is the greatest common factor of 1842 and q?
6
Let s be 1*6 + 1*(9 - 8). Suppose s*b - 15 - 13 = 0. Let y = 21 - 1. Calculate the greatest common factor of y and b.
4
Let r(l) = 32*l - 5. Let a be r(1). Suppose 4*i - n - 484 = 708, 4*n - 281 = -i. Calculate the highest common divisor of i and a.
27
Suppose -5 = 5*w + 20, -4*m - 5*w = 473. Let c = m - -125. What is the greatest common factor of 104 and c?
13
Let o(n) = 3*n**2 + 12*n - 1. Let x be 3 - (-14 + (0 - -2 - -1)). Suppose -15 = -x*v + 17*v. Let l be o(v). What is the highest common factor of l and 98?
14
Let v = -230 + 268. Suppose 0 = 5*m + 4*u - v, m - 53 = -4*m + u. What is the highest common divisor of m and 710?
10
Let a be 1/(-2) + 71/2. Suppose -2*w + 3 = -w. Suppose -4*j + 1530 = 2*r, w*j + 405 = 4*j - 4*r. Calculate the highest common factor of a and j.
35
Let g be 1*(12/24 + (-7)/(-2)). Suppose -g*x + 1444 = -2*m, -m - 4*m + 350 = x. What is the greatest common divisor of x and 30?
30
Let b be 44/7 + 4/(-14). Let i = 17358 + -17352. Calculate the highest common factor of b and i.
6
Let a be (((-14)/(-4))/7)/((145/(-180))/(-29)). What is the highest common factor of a and 126?
18
Suppose 0*s + 3*s + 857 = 2*c, 2*c - 865 = -5*s. Let y = -254 + c. What is the highest common divisor of 22 and y?
22
Let q(a) = -2*a - 3. Let n be q(3). Let k be 15/n - (-289)/51. What is the highest common factor of 14 and k?
2
Suppose -8661 = 24*h - 8733. Let j be (-1)/(-4) - 47/(-4). Calculate the highest common divisor of j and h.
3
Let s be ((2 - 17) + (-15)/(-10))*168/(-126). Suppose 5*t + d - 91 = 0, -2*d = -5*t + 94 - 6. What is the highest common divisor of s and t?
18
Suppose 4*j - 1565 + 457 = -4*h, -4*h = -3*j + 782. Calculate the highest common factor of 130 and j.
10
Suppose 3140 = 2480*w - 2478*w. Calculate the highest common factor of 5 and w.
5
Let w(a) = 136*a - 82*a + 101 - 78*a + 103. Let c be w(6). Calculate the highest common factor of 60 and c.
60
Let g be (78/(-9))/((-207)/(-54) - 4). What is the greatest common divisor of 637 and g?
13
Let c = 9 - 22. Let t = c - -45. Let f = 439 + -247. What is the greatest common factor of t and f?
32
Suppose -1 - 24 = -4*x - y, 5*x - 35 = -2*y. Let s(t) = 3*t - 13. Let r be s(x). Calculate the highest common divisor of r and 13.
1
Suppose -79856 = -2237*r + 2214*r. Calculate the greatest common factor of r and 16.
16
Let k = 28 - 24. Suppose 109 = 13*i - 8*i - 2*r, 0 = k*i - 4*r - 92. Suppose -2*v = 2*v - 672. What is the highest common factor of i and v?
21
Let y be (-4)/26 - 44/52. Let w be 916/16 - y/(-4). Suppose 0 = -78*o + 67*o + 418. Calculate the greatest common factor of w and o.
19
Suppose -25*x = -17*x - 16. Let z(f) = -9*f**3 + 2*f**2 + 4*f + 3. Let j be z(-2). Suppose j + 69 = x*v. Calculate the highest common divisor of v and 36.
36
Suppose 0 = -23*d + 5453 + 527. What is the highest common factor of d and 105?
5
Let q = 240 + -140. Let k = 16384 + -15934. Calculate the highest common factor of q and k.
50
Let t(h) = 45*h**3 - 2*h**2 + 9*h - 8. Let f be t(1). Let n be 6/(-12) + (-3 - (-4604)/8). What is the greatest common factor of n and f?
44
Let p(d) = d**2 + 31*d + 145. Let x be p(-6). Let o be (-12)/(-10)*x - -17. What is the highest common factor of 275 and o?
11
Suppose -6*z + 4 = -26. Suppose 0*q + z*h - 85 = -2*q, 4*h + 4 = 0. What is the highest common divisor of q and 15?
15
Suppose -4*f + 495*w - 496*w + 62 = 0, 3*f = 3*w + 54. Calculate the greatest common divisor of 1140 and f.
4
Let h(b) = 5*b**2 - 307*b - 146. Let x be h(62). Calculate the greatest common divisor of x and 168.
8
Suppose 67 + 20 = 29*x. Let f be (27 - x/1)*30/24. Calculate the greatest common factor of f and 12.
6
Let a = 10 + 46. Let f be (-5 - (-2547)/(-45))/((-1)/100). Suppose 27*i = 5*i + f. Calculate the greatest common divisor of a and i.
56
Suppose 0 = -2*q - 3*q + 140. Suppose -10*k = -3054 - 3246. Suppose 808*o - 817*o = -k. What is the greatest common factor of q and o?
14
Let m be 562 + (-7 + 8)/(3/36). What is the greatest common factor of 224 and m?
14
Let t(y) = y**3 + 14*y**2 + 39*y + 76. Let f be t(-11). Suppose 2*z = 3*z - 45. What is the highest common factor of z and f?
5
Suppose -59*v + 383097 = -v + 83*v. What is the greatest common divisor of 715 and v?
143
Suppose 3*p + 2*l - 160 = p, 2*p - 168 = 2*l. Let a be (330/77 - 4) + p/7. What is the greatest common divisor of 588 and a?
12
Suppose 48*z - 5838 - 4914 = 0. Calculate the highest common factor of 3192 and z.
56
Let t be (-24)/((-504)/231)*185. Calculate the highest common factor of t and 33.
11
Suppose 6*k = 3*k + 2*d + 543, 3*k - 552 = 5*d. Let r = -152 + k. What is the greatest common divisor of 432 and r?
27
Suppose -143*k + 60 + 137 = -232. Calculate the highest common factor of k and 10623.
3
Let j = -2385 - -2400. Calculate the greatest common divisor of j and 1095.
15
Suppose 0 = 5*g + 3*p - 277, 4*g - 222 = 19*p - 21*p. Calculate the highest common divisor of 98 and g.
14
Let r(p) = p**3 + 19*p**2 - p - 12. Let w be r(-19). Let h be -47 - -75 - 1*w. What is the greatest common factor of h and 483?
21
Let c be 992/80 - 2/5. Suppose c*t + 3*t = 45. What is the highest common factor of t and 1?
1
Let w = 99 - 69. Let q = 54 + w. Cal